ctor of 27161504?
False
Is 26 a factor of 160786581?
False
Does 202 divide 88508724?
True
Is 2108 a factor of 177607483?
False
Is 16908644 a multiple of 270?
False
Is 8658 a factor of 679213004?
False
Is 20986406 a multiple of 6?
False
Is 56982480 a multiple of 233?
True
Does 6113 divide 1004726567?
True
Is 3379984 a multiple of 1208?
True
Does 6 divide 25336470?
True
Does 3190 divide 527404346?
False
Is 2982724520 a multiple of 10292?
True
Is 6661 a factor of 370737938?
True
Is 3738487 a multiple of 600?
False
Does 60 divide 1026200880?
True
Is 1184836117 a multiple of 34?
False
Is 160 a factor of 16447680?
True
Is 1275 a factor of 7700595?
False
Is 591902938 even?
True
Is 1088311215 a multiple of 5985?
False
Does 240 divide 67818720?
True
Is 73 a factor of 40280455?
False
Is 121257227 a multiple of 13?
True
Is 132367550 a multiple of 798?
False
Does 5 divide 594183200?
True
Is 8 a factor of 10158823?
False
Is 1167275520 a multiple of 2610?
True
Is 49753435 a multiple of 1270?
False
Is 599020288 a multiple of 116?
True
Does 128 divide 17766912?
True
Does 5 divide 2368394160?
True
Is 134 a factor of 397957254?
False
Is 2661 a factor of 10395428?
False
Is 291963373 a multiple of 2194?
False
Is 3378 a factor of 36678848?
False
Does 1175 divide 270179500?
True
Does 422 divide 411026346?
False
Is 1116351378 a multiple of 18?
True
Is 38887697 a multiple of 873?
False
Does 37 divide 31120367?
True
Is 1118 a factor of 422727775?
False
Does 107 divide 671211?
True
Is 351 a factor of 100712561?
False
Does 754 divide 14693198?
True
Does 2055 divide 2069148241?
False
Is 9 a factor of 95054652?
True
Is 191596883 a multiple of 107?
False
Is 17329440 a multiple of 51?
False
Is 377001076 a multiple of 5?
False
Is 343689422 a multiple of 6?
False
Is 3521 a factor of 763049994?
True
Does 16 divide 11872864?
True
Is 25 a factor of 484675177?
False
Is 28 a factor of 37611560?
True
Is 204612876 a multiple of 1196?
True
Is 35 a factor of 5871414?
False
Is 76466227 a multiple of 47?
True
Is 977 a factor of 190735802?
True
Is 14148 a multiple of 786?
True
Is 154665140 a multiple of 10?
True
Is 327604332 a multiple of 220?
False
Is 967 a factor of 28611596?
True
Does 299 divide 581093045?
True
Is 3645064 a multiple of 8?
True
Is 170 a factor of 3928613438?
False
Is 87 a factor of 13119690?
False
Does 38 divide 135254008?
True
Is 4213 a factor of 316141350?
False
Is 330 a factor of 29506950?
True
Is 74 a factor of 519029551?
False
Is 2108477046 a multiple of 711?
False
Is 791892903 a multiple of 3793?
False
Is 1549 a factor of 793669957?
False
Is 63315294 a multiple of 3?
True
Is 132955100 a multiple of 100?
True
Is 66052749 a multiple of 1519?
False
Does 35 divide 435203755?
True
Is 173 a factor of 12826220?
True
Is 182710308 a multiple of 1052?
True
Is 4489 a factor of 1709191239?
True
Does 4 divide 373954180?
True
Does 66 divide 2700540084?
True
Is 5475360 a multiple of 102?
True
Is 945767256 a multiple of 84?
True
Is 780 a factor of 92873040?
True
Is 1205 a factor of 802834851?
False
Is 181 a factor of 1108753510?
True
Does 10 divide 577263010?
True
Is 39214485 a multiple of 317?
True
Is 447 a factor of 303807573?
True
Is 11 a factor of 199656259?
True
Does 746 divide 933880846?
True
Does 4860 divide 351212760?
True
Is 36428401 a multiple of 70?
False
Does 917 divide 1130299702?
True
Is 71 a factor of 1604032?
True
Is 1599089 a multiple of 2?
False
Is 146223952 a multiple of 125?
False
Is 40 a factor of 8270760?
True
Is 16 a factor of 569631?
False
Is 458 a factor of 18400150?
True
Is 732861818 a multiple of 2231?
False
Is 779 a factor of 92674514?
True
Does 6 divide 10090896?
True
Is 11 a factor of 29193126?
False
Is 23372700 a multiple of 78?
True
Does 54 divide 91585566?
True
Is 43527409 a multiple of 1367?
False
Is 8832704 a multiple of 16?
True
Is 215 a factor of 1811408110?
True
Is 16010136 a multiple of 248?
True
Is 473324716 a multiple of 38?
False
Is 27 a factor of 289656891?
True
Does 47 divide 8515511?
False
Is 508026178 a multiple of 121?
False
Is 2273806440 a multiple of 1020?
True
Is 216 a factor of 563501287?
False
Does 144 divide 250241472?
True
Does 260 divide 2045680?
True
Is 47956762 a multiple of 21?
False
Does 556 divide 2144979612?
True
Is 3859267514 a multiple of 147?
False
Is 94 a factor of 422835782?
True
Does 63 divide 27091512?
True
Is 114 a factor of 9835008?
True
Is 39 a factor of 99389118?
False
Is 44 a factor of 34284668?
True
Does 5 divide 199035136?
False
Is 41 a factor of 117271142?
False
Does 1346 divide 856729287?
False
Does 30 divide 720405701?
False
Is 64946544 a multiple of 29?
True
Is 60616944 a multiple of 27?
True
Is 11 a factor of 368654152?
False
Is 1276 a factor of 21298406?
False
Does 28 divide 35184085?
False
Is 301324384 a multiple of 58?
True
Is 240851 a multiple of 3?
False
Is 116812121 a multiple of 35?
False
Is 104938310 even?
True
Does 264 divide 14852904?
True
Is 355416267 a multiple of 105?
False
Is 74 a factor of 113236937?
False
Does 7 divide 9333653?
True
Does 76 divide 888369264?
False
Is 6914985 a multiple of 55?
True
Is 660072572 a multiple of 101?
True
Does 69 divide 451357083?
True
Does 23 divide 1325886094?
False
Does 264 divide 3392400?
True
Is 152 a factor of 43439380?
False
Is 19 a factor of 129447516?
False
Does 1050 divide 474864600?
True
Is 38637686 a multiple of 490?
False
Is 25 a factor of 322831350?
True
Is 37 a factor of 1063482670?
False
Is 730256024 a multiple of 91?
False
Is 43312775 a multiple of 239?
True
Does 521 divide 865204902?
True
Is 22 a factor of 44018067?
False
Is 365 a factor of 70074525?
True
Is 209 a factor of 397914473?
True
Is 101318294 a multiple of 22?
True
Is 13630700 a multiple of 31?
True
Is 4 a factor of 202430188?
True
Is 14 a factor of 43990282?
True
Is 143 a factor of 1830700?
False
Is 926 a factor of 37323670?
False
Is 1110 a factor of 25340190?
True
Is 102 a factor of 21998646?
True
Does 379 divide 14380337?
False
Does 445 divide 1774215?
True
Does 1346 divide 365653014?
True
Is 286903848 a multiple of 231?
True
Is 55429000 a multiple of 1100?
True
Is 33974526 a multiple of 34?
False
Does 1419 divide 4444474311?
False
Is 49 a factor of 121833331?
False
Is 36 a factor of 224525340?
True
Is 267 a factor of 256998283?
False
Does 91 divide 26159406?
True
Does 962 divide 53263054?
True
Is 1268 a factor of 29259100?
True
Is 328508784 a multiple of 8?
True
Is 261 a factor of 272521270?
False
Is 135 a factor of 716879160?
True
Does 79 divide 844216436?
True
Does 87 divide 60210090?
True
Does 37 divide 161340964?
False
Is 14 a factor of 12188596?
True
Is 755 a factor of 2418184457?
False
Does 2059 divide 4633861059?
False
Is 19616252 a multiple of 563?
False
Does 389 divide 17701834?
True
Is 10 a factor of 23851240?
True
Is 517831 a multiple of 1351?
False
Is 107 a factor of 4044600?
True
Is 775 a factor of 3104817?
False
Is 14056771 a multiple of 191?
False
Does 1024 divide 14745920?
False
Does 18 divide 37935522?
True
Is 15 a factor of 11182515?
True
Is 652854728 a multiple of 232?
True
Is 362051010 a multiple of 279?
False
Does 123 divide 39438843?
True
Is 9 a factor of 6407631?
True
Is 111 a factor of 89273048?
False
Is 141 a factor of 6437637?
True
Does 12 divide 4224798420?
True
Is 34 a factor of 1080429074?
False
Does 6 divide 36269568?
True
Is 1082 a factor of 139402716?
True
Is 191314193 a multiple of 7?
True
Is 6710160 a multiple of 1781?
False
Does 26 divide 247694434?
True
Is 69 a factor of 80042553?
True
Does 42 divide 5386584?
True
Does 12 divide 14290552?
False
Is 114575402 a multiple of 27?
False
Is 139404 a multiple of 6?
True
Is 96678786 a multiple of 786?
True
Is 81 a factor of 38097216?
True
Does 569 divide 14479343?
True
Is 4117 a factor of 777738921?
False
Is 656 a factor of 406736?
False
Is 32 a factor of 578969351?
False
Is 162460320 a multiple of 2320?
True
Is 4051908630 a multiple of 9765?
True
Is 60 a factor of 12400758?
False
Does 20 divide 28128700?
True
Is 37519776 a multiple of 168?
True
Is 751374787 a multiple of 1459?
True
Is 535 a factor of 719129880?
True
Is 1581 a factor of 1653175801?
False
Does 19 divide 27846115?
True
Is 1597988856 a multiple of 296?
True
Is 181936896 a multiple of 768?
True
Does 92 divide 297589640?
True
Does 